 prime factors of 349156512.
2, 3, 479, 2531
What are the prime factors of 51608800?
2, 5, 31, 2081
List the prime factors of 548877049.
7, 1231, 63697
List the prime factors of 217065110.
2, 5, 2003, 10837
What are the prime factors of 2859145695?
3, 5, 7, 1008517
List the prime factors of 35854125.
3, 5, 23, 4157
List the prime factors of 2697061909.
233, 2129, 5437
What are the prime factors of 229547939?
229547939
What are the prime factors of 425070107?
7, 11, 23, 240017
What are the prime factors of 1959174272?
2, 11, 37, 37607
What are the prime factors of 1998905546?
2, 11, 211, 223, 1931
What are the prime factors of 791634918?
2, 3, 131939153
What are the prime factors of 3029840308?
2, 11, 29, 2374483
List the prime factors of 1467914132.
2, 366978533
List the prime factors of 286346675.
5, 43, 266369
What are the prime factors of 650555780?
2, 5, 7, 1823, 2549
What are the prime factors of 84318158?
2, 42159079
What are the prime factors of 667952536?
2, 31, 2693357
List the prime factors of 67128732.
2, 3, 11, 283, 599
What are the prime factors of 190224950?
2, 5, 23, 53, 3121
What are the prime factors of 4083033973?
17, 14221, 16889
List the prime factors of 178996519.
13, 17, 62303
List the prime factors of 236674247.
236674247
List the prime factors of 61009681.
41, 103, 14447
List the prime factors of 18179978.
2, 9089989
What are the prime factors of 2941363928?
2, 367670491
List the prime factors of 12830068.
2, 3207517
List the prime factors of 77815823.
439, 177257
What are the prime factors of 167944184?
2, 37, 211, 2689
List the prime factors of 35879786.
2, 29, 127, 4871
List the prime factors of 8772280.
2, 5, 11, 19937
List the prime factors of 296183853.
3, 7, 37, 61, 2083
List the prime factors of 411498367.
7, 281, 209201
List the prime factors of 7385539020.
2, 3, 5, 19, 6478543
List the prime factors of 22459536.
2, 3, 11, 1289
What are the prime factors of 562511471?
562511471
What are the prime factors of 4670947304?
2, 41, 14240693
What are the prime factors of 58173472?
2, 7, 37, 7019
List the prime factors of 512485410.
2, 3, 5, 17082847
What are the prime factors of 56467655?
5, 11293531
What are the prime factors of 523600900?
2, 5, 149, 35141
List the prime factors of 6331029428.
2, 1549, 1021793
List the prime factors of 729943375.
5, 7, 834221
List the prime factors of 3514136450.
2, 5, 11, 19, 1609
What are the prime factors of 38909197?
38909197
What are the prime factors of 54993033?
3, 137, 14867
List the prime factors of 7727867.
7, 1103981
List the prime factors of 45610546.
2, 73, 312401
What are the prime factors of 985765385?
5, 11, 17923007
List the prime factors of 60900554.
2, 11, 13, 31, 6869
What are the prime factors of 7142810427?
3, 23473, 33811
List the prime factors of 52757406.
2, 3, 13, 41, 47
List the prime factors of 15812500.
2, 5, 11, 23
What are the prime factors of 240464972?
2, 11, 47, 116279
What are the prime factors of 515778012?
2, 3, 14327167
List the prime factors of 31639990.
2, 5, 809, 3911
What are the prime factors of 77721759?
3, 787, 10973
What are the prime factors of 1535922088?
2, 331, 580031
What are the prime factors of 14526839?
14526839
What are the prime factors of 139674926?
2, 37, 1887499
What are the prime factors of 134268413?
134268413
What are the prime factors of 16677577?
7, 2382511
List the prime factors of 789500838.
2, 3, 7, 41, 65497
List the prime factors of 547400643.
3, 59, 199, 15541
List the prime factors of 3138757.
29, 108233
List the prime factors of 880302033.
3, 13, 911, 2753
List the prime factors of 67969369.
13, 43, 121591
What are the prime factors of 22123030?
2, 5, 19, 116437
List the prime factors of 86328826.
2, 43164413
List the prime factors of 433193056.
2, 67, 202049
What are the prime factors of 30988383?
3, 23, 449107
List the prime factors of 8793952.
2, 274811
What are the prime factors of 40227990?
2, 3, 5, 11, 139, 877
What are the prime factors of 658391123?
13, 23, 2201977
What are the prime factors of 404504073?
3, 41, 26737
List the prime factors of 38026974.
2, 3, 6337829
What are the prime factors of 334934361?
3, 47, 239, 3313
List the prime factors of 94204884.
2, 3, 7850407
List the prime factors of 9829759.
31, 317089
List the prime factors of 3436148756.
2, 23, 47, 794669
What are the prime factors of 235704370?
2, 5, 11, 131, 1487
List the prime factors of 367928.
2, 11, 37, 113
What are the prime factors of 54874183?
7, 13, 603013
What are the prime factors of 530214765?
3, 5, 35347651
What are the prime factors of 19845549?
3, 31, 83, 857
List the prime factors of 67728612.
2, 3, 7, 17, 43, 1103
List the prime factors of 196842296.
2, 7, 3515041
List the prime factors of 313997049.
3, 34888561
What are the prime factors of 1287822225?
3, 5, 17170963
List the prime factors of 622130169.
3, 207376723
List the prime factors of 1770772121.
43, 173, 238039
List the prime factors of 4536238174.
2, 13, 29, 97, 367
List the prime factors of 6217361801.
7, 14143, 62801
List the prime factors of 141297920.
2, 5, 59, 1871
What are the prime factors of 595512728?
2, 31, 2401261
List the prime factors of 3549656076.
2, 3, 19, 71, 219277
List the prime factors of 942870186.
2, 3, 37, 471907
List the prime factors of 852805346.
2, 67, 199, 31981
List the prime factors of 7739923590.
2, 3, 5, 7, 3391, 3623
List the prime factors of 99134736.
2, 3, 571, 3617
What are the prime factors of 185913317?
271, 686027
List the prime factors of 1233675699.
3, 157, 379, 6911
What are the prime factors of 1951580326?
2, 19, 51357377
List the prime factors of 2340430689.
3, 1277, 610919
What are the prime factors of 1955277570?
2, 3, 5, 31, 229, 9181
What are the prime factors of 6262594300?
2, 5, 17, 3683879
List the prime factors of 86437163.
17, 311, 16349
List the prime factors of 193050483.
3, 79, 814559
List the prime factors of 39148593.
3, 11, 1186321
What are the prime factors of 109269145?
5, 137, 269, 593
What are the prime factors of 872634637?
7, 124662091
What are the prime factors of 2503365001?
3259, 768139
What are the prime factors of 60267302?
2, 37, 814423
What are the prime factors of 251990089?
13, 19383853
What are the prime factors of 517943966?
2, 149, 1738067
What are the prime factors of 788410699?
788410699
List the prime factors of 3614055932.
2, 101, 8945683
What are the prime factors of 36381234?
2, 3, 6063539
What are the prime factors of 395966015?
5, 541, 146383
List the prime factors of 133056421.
133056421
What are the prime factors of 427898410?
2, 5, 3607, 11863
What are the prime factors of 32303844?
2, 3, 897329
What are the prime factors of 182519112?
2, 3, 7604963
What are the prime factors of 29041893?
3, 23, 307, 457
What are the prime factors of 2321106257?
2321106257
What are the prime factors of 57204304?
2, 3575269
What are the prime factors of 80678146?
2, 40339073
What are the prime factors of 11313771?
3, 7, 538751
List the prime factors of 161153847.
3, 23, 259507
List the prime factors of 184068024.
2, 3, 7, 41, 26723
List the prime factors of 97533919.
7, 641, 21737
List the prime factors of 77207949.
3, 7, 13, 31, 3041
What are the prime factors of 213210905?
5, 313, 136237
What are the prime factors of 80644459?
7, 1667, 6911
List the prime factors of 126935757.
3, 13, 389, 2789
List the prime factors of 114692061.
3, 11, 739, 4703
What are the prime factors of 338612213?
338612213
List the prime factors of 26284704.
2, 3, 113, 2423
What are the prime factors of 1852076568?
2, 3, 77169857
List the prime factors of 3132950584.
2, 19, 107, 192631
List the prime factors of 109765726.
2, 7, 7840409
List the prime factors of 1704175835.
5, 19, 17938693
What are the prime factors of 717219146?
2, 7, 51229939
What are the prime factors of 5201597567?
19, 757, 361649
List the prime factors of 321545276.
2, 13, 17, 53, 6863
List the prime factors of 51497494.
2, 97, 265451
List the prime factors of 8831725.
5, 7, 109, 463
List the prime factors of 1217645433.
3, 149, 313, 967
What are the prime factors of 96072854?
2, 19, 2528233
What are the prime factors of 136871538?
2, 3, 22811923
What are the prime factors of 428149633?
428149633
List the prime factors of 354163140.
2, 3, 5